*g + 2. List the prime factors of i(o).
2, 19
Let u(w) = 866*w + 1431. What are the prime factors of u(8)?
13, 643
Let y(i) be the third derivative of -i**5/60 + 3*i**4/8 + i**3 + i**2. Let w(b) = -b**3 - 21*b**2 - 18*b + 49. Let j be w(-20). List the prime factors of y(j).
2, 3
Let x = 41235 + 1849. What are the prime factors of x?
2, 10771
Let z(k) = -594*k + 130. List the prime factors of z(-12).
2, 19, 191
Let v(x) = -x**2 - 120*x + 7012. Let c be v(43). Let b(g) = 316*g. Let h be b(3). Suppose -h = -4*s + 4*y, -c*y = -5*s + s + 953. List the prime factors of s.
2, 11
Suppose 0 = l + 3*l - 12. Suppose -4*o - 7 = -l, -o + 278 = 3*f. Suppose -f = -4*m + 431. List the prime factors of m.
131
Suppose 0 = -12*x + 13789 + 1187. List the prime factors of x.
2, 3, 13
Let a(u) = 13*u + 67. Let j be a(-4). Let f = j - -83. What are the prime factors of f?
2, 7
Let v be 11*(0 - -1)*(-3)/(-3). Let i = 92 - v. Let z = 171 - i. List the prime factors of z.
2, 3, 5
Suppose -c = -119 - 103. Let k = 127 - c. Let i = 142 + k. What are the prime factors of i?
47
Let m = -96 - -97. Let l be (2/(12/2))/(m/150). Suppose 3*b = -s + 127 + l, 531 = 3*s - b. List the prime factors of s.
3, 59
Let i = -1569 + 1765. Suppose 3*v + 0 - 3 = 0. What are the prime factors of i + 0 - 2/v?
2, 97
Let j be 0 + (0 + 0/(-3))/2. Suppose j = 140*x - 142*x + 336. Suppose 165 = 3*k - x. What are the prime factors of k?
3, 37
Let q(x) = 770*x - 341. List the prime factors of q(19).
3, 11, 433
Suppose -286301 = -101*v + 37262 + 504940. What are the prime factors of v?
13, 631
Let u = 162 + -158. What are the prime factors of (0 + u/(-5))/2*-575?
2, 5, 23
Let o = 35 - 35. Let k be 11 - (o - (-4 + 8)). Suppose -5*l + k = 0, 5*g + 51 = 5*l + 401. List the prime factors of g.
73
Let b(s) = -2*s**3 - 12*s**2 + 8*s - 17. Suppose -36 = 4*y - 16*a + 20*a, -2*a - 39 = 5*y. List the prime factors of b(y).
5
Let v = 348 - 1336. Let d = -707 - v. What are the prime factors of d?
281
Let a(o) = -138*o + 1214. List the prime factors of a(-11).
2, 683
Let y be 1 + ((-14)/21)/(4/(-204)). What are the prime factors of 16426/12 + y/(-42)?
2, 3, 19
Let n(d) = 2*d**3 - 2*d**2 + 24*d + 9. Let x be n(6). Suppose 4*h + 205 = t, 4*t - 327 - x = -4*h. List the prime factors of t.
11, 19
Let n(f) = -f**3 - 2*f**2 + 2*f + 2. Let q be n(0). Suppose 2*g = q*z + z + 150, 4*z = -g + 53. List the prime factors of g.
3, 23
Let s be (2/3)/(((-39)/45)/(-13)). Suppose s + 26 = 9*c. List the prime factors of c.
2
Suppose -314*b = -346*b + 56320. What are the prime factors of b?
2, 5, 11
Let m(k) = 116883 + 5*k - 58449 - 58442. Let i be 10/2 - (0 + 0). What are the prime factors of m(i)?
17
Let r(j) be the third derivative of -j**6/120 + 3*j**4/8 - 8*j**3/3 - 52*j**2 - 2. List the prime factors of r(-9).
2, 79
Suppose -676 = -25*i + 74. Suppose -29*d + i*d = 48. What are the prime factors of d?
2, 3
Let t(q) = -q**2 + 24*q + 70. Let w be t(-3). Let d(v) = v**3 + 9*v**2 + 12*v + 10. Let z be d(-8). List the prime factors of z/w + 1*15.
17
Let y(i) be the third derivative of -7*i**4/8 - 67*i**3/6 + i**2. Let s = -6358 - -6349. List the prime factors of y(s).
2, 61
Let k = 2417 + -736. What are the prime factors of k?
41
Let j(t) = -2*t - 38. Let y(w) = -w**3 + 11*w**2 - 2*w + 11. Let h be y(11). Let x be j(h). List the prime factors of x*(-12)/1*48/72.
2
Suppose -20 = 12*f - 8*f, 5*o + 5*f - 24800 = 0. Suppose 4*h = 3*j - 3714, -5*j - h = -9*j + o. List the prime factors of j.
2, 3, 23
Suppose 43*l - 4385 = -5*b + 46*l, -2*l = 3*b - 2650. What are the prime factors of b?
2, 5, 11
Let u(n) = -n**2 + 9*n - 14. Let r be u(7). Suppose 5*c + 813 = 2*m + 4*c, r = -m - c + 405. List the prime factors of m.
2, 7, 29
Suppose -184*a + 3345625 = -3605711. What are the prime factors of a?
3, 7, 257
Let k = 8082 + -2062. What are the prime factors of k?
2, 5, 7, 43
Let k(p) = 17*p + 5. Let x be k(3). Let n be x/(-42)*(0 + -3). List the prime factors of (-4 - (-4 + -108)) + n.
2, 7
Suppose 5*o + 11 = 26. Suppose -o*y - 25 = -4*t, 7*y - 6*y = -4*t + 13. List the prime factors of 500/(y - -1)*3/(-6).
5
Let f = -2240 - -8518. List the prime factors of f.
2, 43, 73
Let j(k) = -k**3 + 4*k**2 - k. Let m be j(3). Suppose -m*c = -3*o - c - 530, 0 = 5*o - 5*c + 890. List the prime factors of 3 + 11/((-55)/o).
3, 13
Let o be (5/1)/((-5)/(-4)). Suppose 0 = -o*n - 12 + 32. Suppose -n*t = 4*p - 767, -13 = -5*t + 2. List the prime factors of p.
2, 47
Suppose 5798 = 16*b + 17174. What are the prime factors of ((-24)/(-9))/((-1428)/b + -2)?
2, 79
What are the prime factors of 2 + -1 + (32 - 25) - -3082?
2, 3, 5, 103
Let z(j) = j**3 - 8*j**2 + 8*j - 5. Let b be z(7). Suppose b*v + 46 = 4*f, -4*f - 2*v + 51 = v. List the prime factors of f.
2, 3
Suppose 3*i - 5030 + 33349 = 4*n, 4*i + 28316 = 4*n. List the prime factors of n.
2, 3541
Let h(j) be the third derivative of j**5/30 + 59*j**4/24 - 92*j**3/3 - 50*j**2. What are the prime factors of h(-46)?
2, 23, 29
Let c = 35850 + -25212. What are the prime factors of c?
2, 3, 197
Let k(m) = -440*m**2 + 99*m - 198. Let n(o) = 9*o**2 - 2*o + 4. Let u(x) = 2*k(x) + 99*n(x). List the prime factors of u(-5).
5, 11
Let c = 12865 + -7683. What are the prime factors of c?
2, 2591
Suppose s = 3*p + 76806, -131*p - 384120 = -5*s - 134*p. List the prime factors of s.
3, 29, 883
Suppose 0 = -5*x - 2*i + 88, 2*x + 4 = -i + 40. Suppose -c + 2*s + 34 = 12, -3*s = 12. Suppose -x*t = -c*t - 214. What are the prime factors of t?
107
Let z be (746/(-3))/((-6)/81). Let q = z - 2072. List the prime factors of q.
5, 257
Let y be ((-106)/2)/(-5 + 94/19). Suppose -5*o + y = -5*g + g, 0 = -5*g + 10. List the prime factors of o.
7, 29
Let x(l) = -8*l + 207. Let w be x(24). Suppose -w*k + 11*k = -1156. What are the prime factors of k?
17
Let q = -302 - -312. Suppose 3*f = -4*r + 105, -6*r + 5*f = -q*r + 111. What are the prime factors of r?
2, 3
Let a(d) = -68*d + 5 - 6*d - 100*d. Let m be a(-1). Suppose -o - 4*j = 4*o - m, 2*o + j - 74 = 0. What are the prime factors of o?
3, 13
List the prime factors of 0 + -4 + 6774 + (-10 - -21).
6781
What are the prime factors of (-23900)/(-30)*(-336)/(-20)?
2, 7, 239
Suppose 2*b - 2*m = 37118, -2*b - 4*m + 11198 + 25878 = 0. What are the prime factors of b?
2, 3, 773
Let c(k) = 58 - 159 - 351*k + 94*k - 40 - 122. List the prime factors of c(-5).
2, 7, 73
Let d = 4761 + -3003. What are the prime factors of d?
2, 3, 293
Let r = -178 - -204. Suppose r*l = 30*l - 1576. List the prime factors of l.
2, 197
Let z = -98 + -2. Let x = z + 199. List the prime factors of x.
3, 11
Let n be 1/10 - 203/(-70). Suppose 5457 = n*p + 14*p. List the prime factors of p.
3, 107
Let b = 131 - 129. Suppose 5*p + o - 135 = 0, 3*p - 2*o = b*p + 16. List the prime factors of p.
2, 13
Suppose 0 = -8*g + 97371 + 82709 - 59456. What are the prime factors of g?
2, 3, 7, 359
Let i = -368 + 1203. Let d = i + -371. What are the prime factors of d?
2, 29
Suppose 0 = -5*k - 10, -8*s = -5*s + k - 72814. Suppose 20*l + 1312 = s. List the prime factors of l.
2, 7, 41
Suppose -7*q - 10 = -2*q. What are the prime factors of (q + 16/5)*(-16880)/(-24)?
2, 211
Let x(k) = 20*k**3 - 9*k**2 + 2*k - 143. List the prime factors of x(9).
2, 6863
Suppose -465262*q + 253404 = -465244*q. List the prime factors of q.
2, 7039
Let g(y) = y**3 + 5*y**2 + 5*y + 8. Let z be g(-4). Suppose z = 2*q - 0. Suppose -3*i = -q*i + 2*c - 71, -4*c - 12 = 0. List the prime factors of i.
7, 11
Let q(r) = 17*r**2 - 6*r + 146. List the prime factors of q(-20).
2, 3533
Suppose o - 8 = 3*o, -p + 3*o - 569 = 0. Let m = 1439 + p. Suppose -2*j + 168 = i, 5*i + j = -0*i + m. List the prime factors of i.
2, 43
Suppose 22*s + 23*s = 147420. What are the prime factors of s?
2, 3, 7, 13
Let o(j) = 3*j**2 - 83*j - 2055. List the prime factors of o(-45).
3, 5, 11, 47
Suppose 3*c = 12 - 30, 1034417 = 17*s - 3*c. List the prime factors of s.
71, 857
Let j(h) = -h**3 + 48*h**2 - 33*h - 52. Let a be j(25). Suppose 35*p - 16042 = a. What are the prime factors of p?
2, 211
Let w = -65 + 68. Let v be 1076 - (24/(-16))/(w/4). Suppose -6 = 2*u, 128 = -5*b - 5*u + v. What are the prime factors of b?
193
Suppose -77 = -2*h + 137. Suppose -z = 3*w + z - 119, z + h = 3*w. Suppose 4*u + 